 j(r) = -3*r - 162. Determine j(-62).
24
Let p(c) = -c**2 + 5*c - 9. What is p(3)?
-3
Let d(f) = f**3 + 10*f**2 + 85*f + 1060. Calculate d(-11).
4
Let g(r) = 14*r**3 - 197*r**2 + 16*r - 37. Calculate g(14).
-9
Let f(v) = 17*v**2 - 125*v - 73. Calculate f(8).
15
Let s(n) = -3*n**2 - 29*n + 41. Determine s(-11).
-3
Let s(n) = 321*n - 26327. What is s(82)?
-5
Let h(z) = 2*z + 368. Calculate h(-32).
304
Let x(m) = 6*m**3 - 17*m**2 - 68*m + 16. What is x(5)?
1
Let n(a) = -15*a**2 - 73*a - 37. Determine n(-3).
47
Let o(g) = 16*g**2 + 5*g - 9. Calculate o(2).
65
Let z(o) = -679*o - 23687. Give z(-35).
78
Let h(s) = -2354*s + 84745. Calculate h(36).
1
Let o(p) = 2*p**2 - 120*p - 474. What is o(64)?
38
Let c(h) = h**3 - h**2 - 55*h - 18. Give c(8).
-10
Let v(p) = 80*p - 181. What is v(8)?
459
Let q(r) = 433*r + 58021. What is q(-134)?
-1
Let h(f) = 143*f - 12153. Calculate h(85).
2
Let x(r) = -r**2 - 12*r + 2774. Give x(47).
1
Let r(d) = -274*d**3 - 2*d**2 + 35*d - 33. Calculate r(1).
-274
Let t(b) = -122*b - 3293. Give t(-28).
123
Let q(i) = i**3 - 17*i**2 - 75*i + 306. Calculate q(20).
6
Let z(m) = -173*m - 6754. Determine z(-39).
-7
Let x(b) = -b**2 + 51*b - 189. Give x(49).
-91
Let v(q) = -8*q**2 - 167*q - 18. Determine v(-21).
-39
Let p(g) = 55*g**2 - 13915*g + 2. Give p(253).
2
Let k(t) = -14*t + 181. What is k(13)?
-1
Let u(x) = 5046*x + 10096. What is u(-2)?
4
Let u(j) = -2*j**3 + 37*j**2 - 72*j + 35. Calculate u(16).
163
Let o(j) = -16*j - 1064. Calculate o(-67).
8
Let c(h) = h**3 - 5*h**2 - 11*h - 2. What is c(7)?
19
Let j(z) = 3*z**2 + 10*z - 26. Give j(-6).
22
Let q(a) = 492*a + 9414. Give q(-19).
66
Let g(n) = 2*n**2 + 57*n - 187. Give g(-31).
-32
Let n(u) = 6*u + 442. What is n(-78)?
-26
Let u(k) = k**2 + 609*k + 237. Calculate u(0).
237
Let g(j) = -5*j**3 + 11*j**2 + 96*j + 13. Determine g(-5).
433
Let u(h) = h**3 - 10*h**2 + 92*h - 525. Give u(7).
-28
Let p(q) = -q**3 - 10*q**2 - 33*q - 4. Give p(-7).
80
Let t(f) = 2*f**3 - 23*f**2 + 26*f + 5. Give t(10).
-35
Let g(p) = -55*p - 440. Calculate g(-9).
55
Let p(t) = -t**3 - 50*t**2 - 150*t - 418. Determine p(-47).
5
Let x(g) = -266*g - 521. Determine x(-2).
11
Let a(b) = -32*b - 292. Give a(-9).
-4
Let p(b) = 3*b**2 - 49*b + 122. Calculate p(3).
2
Let b(j) = -3*j**2 - 187*j + 1695. Determine b(8).
7
Let f(n) = n**3 + 15*n**2 + 23*n + 35. What is f(-14)?
-91
Let x(z) = z**2 + 298*z + 572. Determine x(-2).
-20
Let p(a) = -23*a - 315. Calculate p(-13).
-16
Let c(v) = v**3 - 52*v**2 - 351*v + 145. Determine c(58).
-29
Let a(c) = -2*c**3 - 153*c**2 + 70*c - 542. What is a(-77)?
-3
Let q(l) = -l**3 + l**2 + 20*l - 12. Determine q(-5).
38
Let d(a) = -a**3 - 5*a**2 + 303*a + 1508. Give d(-5).
-7
Let t(b) = 12*b**2 - 76*b - 51. Determine t(7).
5
Let d(q) = -32157*q - 128629. What is d(-4)?
-1
Let r(k) = 28*k - 1061. What is r(38)?
3
Let p(i) = -i**3 - 27*i**2 + 223*i - 504. Determine p(-34).
6
Let u(w) = w**2 + 82*w + 1599. Give u(-31).
18
Let i(r) = 9*r**3 + 171*r**2 - 176*r + 78. What is i(-20)?
-2
Let d(a) = 7*a + 30. What is d(-6)?
-12
Let h(d) = 689*d - 4859. What is h(7)?
-36
Let j(f) = 2*f**2 + 21*f + 36. What is j(-10)?
26
Let g(f) = -116*f + 11949. Calculate g(103).
1
Let x(g) = -188*g + 4895. Determine x(26).
7
Let s(v) = 5*v**2 - 21*v - 16. Determine s(6).
38
Let i(p) = 2*p**2 + 20*p - 70. Calculate i(-13).
8
Let c(h) = h**3 + 20*h - 49. What is c(2)?
-1
Let w(x) = 10*x**2 - 231*x - 463. Determine w(-2).
39
Let o(t) = -t**2 - 224*t + 9351. Give o(36).
-9
Let z(s) = s**3 + 27*s**2 - 55*s + 64. Give z(-29).
-23
Let y(k) = -3*k**2 - 145*k + 377. What is y(-52)?
-195
Let u(t) = 21*t - 611. Determine u(30).
19
Let h(r) = 26*r**3 - 2*r**2 + 29*r + 114. Calculate h(-3).
-693
Let b(v) = 27*v + 375. What is b(-12)?
51
Let d(m) = -24*m - 686. Give d(-32).
82
Let x(u) = 21*u**2 + 59*u - 35. Calculate x(-3).
-23
Let c(l) = -1079*l + 10838. Give c(10).
48
Let w(t) = -t**2 + 133*t - 2346. Calculate w(21).
6
Let z(s) = 2*s - 44. Calculate z(-3).
-50
Let o(u) = u**3 + 4*u**2 - 3*u - 15. Determine o(-2).
-1
Let z(t) = -t**3 - 7*t**2 + 6*t + 49. Calculate z(-5).
-31
Let i(h) = -8*h**3 + 91*h**2 - 39*h + 17. What is i(11)?
-49
Let k(q) = 154*q - 950. Calculate k(6).
-26
Let k(v) = 114*v - 578. What is k(5)?
-8
Let j(u) = -17*u + 8. What is j(-2)?
42
Let p(z) = z**3 + 25*z**2 + 23*z + 2. What is p(-24)?
26
Let h(t) = -21*t**2 - 3*t + 17. Give h(-5).
-493
Let l(w) = w**3 - 27*w**2 + 171*w + 66. Determine l(16).
-14
Let g(a) = a**2 + 35*a + 159. What is g(-5)?
9
Let t(s) = -3*s**2 - 38*s - 34. Determine t(-4).
70
Let v(n) = 36*n - 17. Give v(3).
91
Let l(k) = 867*k - 17344. What is l(20)?
-4
Let n(l) = l**2 - 88*l + 1757. Give n(30).
17
Let z(u) = u**2 + 269*u + 3315. Give z(-13).
-13
Let y(z) = 138*z + 1488. Give y(-11).
-30
Let q(h) = 39*h + 34. Determine q(-4).
-122
Let w(p) = -p**3 + 11*p**2 - 81*p + 843. Calculate w(12).
-273
Let x(c) = c**2 - 303*c + 3276. What is x(11)?
64
Let h(v) = 4*v**3 + 3*v**2 - 14*v - 20. Determine h(-2).
-12
Let g(q) = -8389*q + 50329. What is g(6)?
-5
Let z(i) = i**2 + 38*i - 119. Give z(-40).
-39
Let g(c) = c**3 + 10*c**2 - 5*c - 19. What is g(-11)?
-85
Let n(g) = -g**3 - 9*g**2 - 7*g - 107. What is n(-9)?
-44
Let h(j) = j**2 - 68*j - 442. Calculate h(-6).
2
Let s(a) = -a**3 - 52*a**2 - 97*a + 130. What is s(-50)?
-20
Let t(y) = y**2 - 221*y + 1080. Calculate t(5).
0
Let w(p) = -442*p - 33145. Give w(-75).
5
Let i(g) = 25*g + 166. Give i(-8).
-34
Let p(n) = 1556*n + 9276. Determine p(-6).
-60
Let h(u) = -242*u + 82291. What is h(340)?
11
Let t(m) = -m**3 - 82*m**2 - 11*m - 901. Give t(-82).
1
Let x(g) = g**3 - 2*g**2 - 3*g - 1. Give x(-5).
-161
Let d(j) = -50*j + 179. Determine d(3).
29
Let a(z) = -298*z - 7165. Calculate a(-24).
-13
Let n(y) = -24*y**2 - 58*y + 1. Determine n(2).
-211
Let m(v) = 13*v - 1101. Determine m(84).
-9
Let f(q) = -12*q**2 - 274*q - 191. Determine f(-22).
29
Let c(t) = -516*t - 115584. What is c(-224)?
0
Let n(b) = -34*b - 835. Determine n(-21).
-121
Let n(p) = -2*p**3 + 77*p**2 + 39*p - 4. What is n(39)?
-4
Let u(l) = -2*l**2 - 22*l + 27. Determine u(-9).
63
Let a(b) = 43*b + 47. What is a(-3)?
-82
Let f(t) = 530*t - 24905. What is f(47)?
5
Let i(a) = -a**2 + 20*a + 1914. Calculate i(55).
-11
Let d(l) = 9*l**2 - 151*l + 57. Calculate d(16).
-55
Let x(i) = i**2 + 21*i + 39. Determine x(-5).
-41
Let d(u) = -259*u - 657. Give d(-4).
379
Let i(a) = a**2 + 22*a - 23. What is i(-22)?
-23
Let w(s) = s**3 + 6*s**2 + 25*s + 176. What is w(-6)?
26
Let d(l) = -l**3 - 40*l**2 + 320*l - 350. Give d(-47).
73
Let m(b) = -9*b**2 + 28*b + 23. What is m(6)?
-133
Let a(m) = -m**3 - 24*m**2 + 51*m - 28. Determine a(-26).
-2
Let v(g) = 988*g + 7901. Give v(-8).
-3
Let r(n) = 339*n + 212. Calculate r(-1).
-127
Let c(a) = -a**2 - 19*a - 70. Calculate c(-6).
8
Let k(w) = 120*w - 931. Determine k(8).
29
Let r(z) = 1494*z + 7479. Calculate r(-5).
9
Let a(m) = -m**2 - 28*m + 80. Give a(-26).
132
Let u(o) = 77*o + 2939. What is u(-38)?
13
Let l(p) = -6*p - 340. Calculate l(-50).
-40
Let o(z) = -20*z + 722. Determine o(36).
2
Let c(q) = -19*q - 232. Give c(-12).
-4
Let m(s) = 105*s**3 + s**2 - s. Give m(1).
105
Let g(w) = 29*w + 1233. What is g(-42)?
15
Let z(w) = -7*w**2 + 72*w - 82. What is z(9)?
-1
Let m(n) = 44*n**2 - 2*n + 3. What is m(1)?
45
Let f(v) = -v**3 + 18*v**2 + 86*v + 71. Determine f(22).
27
Let q(o) = -9168*o - 27505. Calculate q(-3).
-1
Let j(y) = -2*y**2 - 30*y - 29. Determine j(-14).
-1
Let k(h) = 6*h**2 - 93*h + 2. Give k(13).
-193
Let y(f) = -1640*f + 3292. Calculate y(2).
12
Let h(s) = -3652*s + 171636. What is h(47)?
-8
Let z(x) = 7167*x + 21477. Calculate z(-3).
-24
Let f(x) = -x**3 - 108*x**2 + 112*x + 353. Give f(-109).
26
Let p(x) = -2*x**2 + 15*x + 2. Determine p(-1).
-15
Let w(j) = -j**3 - 3*j**2 - 2*j + 59. What is w(0)?
59
Let o(c) = -797*c - 25509. Determine o(-32).
-5
Let g(r) = -r**2 - 244*r + 4997. Give g(19).
0
Let d(l) = 3*l**2 + 278*l + 722. What is d(-90)?
2
Let i(n) = -n**3 + 24*n**2 - 78*n + 7. What is i(4)?
15
Let m(j) = -2*j**2 - 22*j + 115. Determine m(4).
-5
Let a(p) = 39*p + 71. Give a(6).
305
Let u(g) = -21*g**3 - 300*g**2 - 83*g + 6. Calculate u(-14).
-8
Let c(i) = -24*i + 5. Calculate c(-2).
53
Let s(j) = j**3 - 3*j**2 + 34*